 h(9). Let s = 11 - p. What is the remainder when m(s) is divided by 16?
13
Let m = 1440 - 1423. What is the remainder when m is divided by ((-28)/(-6))/((-2)/(-3))?
3
Suppose -658*z = -646*z - 432. Calculate the remainder when 209 is divided by z.
29
Let y(o) = -3*o**2 - 33*o - 15. Calculate the remainder when 251 is divided by y(-9).
17
Suppose 44 = -10*i + 6*i. Let u(x) = -x**3 - 2*x**2 - 3*x + 4. What is the remainder when u(-5) is divided by 1 + 15 - (i + 8)?
18
Suppose -7*p + 469 = 119. Let b(n) = -n**3 - 4*n**2 - 4*n - 1. Let j be b(-3). Suppose 5*o = j*o + 39. What is the remainder when p is divided by o?
11
Suppose 265 = -3*a + 8*a. Suppose 18 = 2*r + 4*h, 33 = 2*r - 10*h + 11*h. What is the remainder when a is divided by r?
15
Let a be ((-3)/(-4))/(2/8). Calculate the remainder when 16 is divided by (-4)/(6/a)*27/(-6).
7
Suppose -20 = -4*s - 0, -p + 70 = 4*s. What is the remainder when p is divided by 28?
22
Suppose -4*x = -2*h + 62, 6*h - x = 7*h - 37. What is the remainder when 137 is divided by h?
32
Let m = -32 - -30. Let p be 81/36 - m/(-8). Suppose p*c - c - 27 = 0. What is the remainder when c is divided by 15?
12
Let l(j) = 16*j - 169. Calculate the remainder when 85 is divided by l(14).
30
What is the remainder when 303 is divided by 2970/(-81)*12/(-10)?
39
Let d be -3*16/(-12) + 4. What is the remainder when 21 is divided by d/44 + 64/11?
3
Suppose 4*r = r + 5*i - 157, 5*i + 79 = -r. Suppose -2*h = 161 + 41. Let m = r - h. What is the remainder when m is divided by 15?
12
Let l(b) = b**3 - 5*b**2 + 15*b - 39. Calculate the remainder when 107 is divided by l(5).
35
Let a = -103 + 99. Let m(z) = 2*z**2 - 5*z - 5. Suppose 5*d + 5*u - 38 = 3*d, -d - 5*u = -14. Calculate the remainder when m(a) is divided by d.
23
Let z = 115 - 112. Suppose b = 6*b + a - 19, -2*b = a - 10. Suppose 3*h - 4 - 2 = 0, -g + b = -5*h. What is the remainder when g is divided by z?
1
Let a = 17 - 13. Suppose -2*s + 5*t - 2 = -50, -a*s + 110 = -3*t. What is the remainder when s is divided by 17?
12
Suppose 2*m = -3 + 5. Let l = 6 - 9. What is the remainder when 6 is divided by (4/m)/((-6)/l)?
0
Let o(j) = j**3 + 26*j**2 - 56*j + 10. What is the remainder when 30 is divided by o(-28)?
0
Let q(r) = -52*r + 4. Let i be q(-3). Suppose -a - i = -3*v, a = -2*v - a + 96. What is the remainder when v is divided by ((-6)/5)/(6 + 819/(-135))?
16
Let h(j) = 2*j + 14. Let z be h(-6). Suppose 0 = z*p - 0*p. Suppose -a + 79 = -p*a. Calculate the remainder when a is divided by 27.
25
Let t(x) = x + 8. Suppose 2*z - 230 = -5*o, -35*o + 39*o = -2*z + 184. Calculate the remainder when o is divided by t(6).
4
Let k = 71 + -48. Calculate the remainder when k is divided by ((-77)/49)/11 - (-86)/14.
5
Suppose 5*r - 10*d + 5*d = 705, -2*r - 5*d + 275 = 0. What is the remainder when r is divided by 29?
24
Let h be (-3 + 6)/(-9)*0. Suppose 3*c - 12 = -h. What is the remainder when 24/32 + 73/c is divided by 4?
3
Let y(g) be the third derivative of g**6/30 + g**5/60 - g**4/24 + g**3/2 + 8*g**2. What is the remainder when y(3) is divided by (30/7)/((-1)/(-7))?
27
Suppose 0 = -q + 5*q - 4. Let g = q + 19. Let z(v) = 9*v**2 - 2*v - 1. What is the remainder when z(-2) is divided by g?
19
Suppose -6 = -2*q - 0*q. Suppose g - 2*g + q = 0. Suppose 2*u - u + 5*s = 8, -g*s - 12 = -5*u. Calculate the remainder when 5 is divided by u.
2
Suppose -19 - 45 = -8*o. What is the remainder when 24*4/((-32)/(-6)) is divided by o?
2
Suppose 55 = -24*o + 2743. What is the remainder when o is divided by 17?
10
Let t = -94 + 122. Suppose -4*g = -d + 34, -4*d - 3*g = -122 - 109. Calculate the remainder when d is divided by t.
26
What is the remainder when 1187 is divided by ((-5)/2 + 4)*(-136)/(-6)?
31
Calculate the remainder when 453 is divided by 12*(-12)/(-24) - -11.
11
Suppose -3*h + 0*t + 98 = t, 0 = -4*h + 5*t + 99. Calculate the remainder when 45 is divided by h.
14
Let w be 2/(-12) - (-35)/30. Let r(k) = 8*k**2 + k - 1. Let v(m) = -m**2 + 23. Calculate the remainder when v(0) is divided by r(w).
7
Let v(w) = w + 23. Let l be v(-15). What is the remainder when 108 is divided by (-37)/2*l/(-4)?
34
Suppose 0*b = 2*b - 70. Let f = 66 - b. Calculate the remainder when 58 is divided by f.
27
Let q = -513 - -838. Calculate the remainder when q is divided by 34.
19
Suppose 5*d = 3*p - 149, 5*p + 21*d = 20*d + 267. What is the remainder when p is divided by 14?
11
Let g(o) = -2*o**3 + 19*o**2 - 24*o + 35. Let f(p) = p**3 - 10*p**2 + 12*p - 18. Let b(w) = -5*f(w) - 3*g(w). What is the remainder when b(7) is divided by 35?
34
Let d = -28 + 28. Suppose -3*w = -5*y - 7*w + 106, -3*y + 3*w + 42 = d. Let p(k) = 2*k + 20. Calculate the remainder when p(y) is divided by 19.
18
Let c = 710 + -106. What is the remainder when c is divided by 32?
28
Suppose 0 = 4*p - 18 - 426. Let y = 145 - p. What is the remainder when y is divided by 6?
4
Suppose 15 = 4*f - 13. Suppose 380 = 5*m + 5*p, 2*p - 1 + f = 0. Calculate the remainder when m is divided by 9.
7
Let y(x) = -x**3 + 7*x**2 - 12. Calculate the remainder when 69 is divided by y(6).
21
Suppose 0 = 7*l - 13*l + 30. Suppose 5*r - r - 64 = 0. Calculate the remainder when r is divided by l.
1
Let d = -132 - -56. Let r = -36 - d. Suppose 2*a + 4*z = 24, -3*z + 10 = 2*a - 15. Calculate the remainder when r is divided by a.
12
Suppose -5*r + 6160 = 480. Calculate the remainder when 3/(-9) + (r/6)/4 is divided by 13.
8
Suppose 0 = 2*i - 0*i - 46. Suppose -9 = -2*a - 3*n - i, 4*n = -3*a - 19. Calculate the remainder when 1/(105/102 + a) is divided by 9.
7
Let j be ((-7)/(-2))/((-12)/(-24)). Suppose -9*i + 120 = -j*i. Suppose u - i = -3*u. What is the remainder when u is divided by 8?
7
Let a(u) = u + 1. Let w(y) = -10*y - 17. Let f(g) = -6*a(g) - w(g). Calculate the remainder when f(0) is divided by 7.
4
Let f be (-380)/3*30/(-20). Suppose 0 = -40*u + 35*u + f. Calculate the remainder when u is divided by 10.
8
Let w(r) = -3*r**2 - 11*r + 1. Let p(z) = -z**2 + z + 1. Let o(b) = 4*p(b) - w(b). Calculate the remainder when o(13) is divided by 10.
9
Let z(s) = 2*s**2 + 15*s + 6. Let j be z(-6). Let f(x) = -x**2 - 15*x - 13. What is the remainder when f(j) is divided by 12?
11
Suppose 0 = 5*l + j - 6*j - 90, 3*j + 69 = 4*l. What is the remainder when 18 is divided by (-13)/(-3) + 70/l + -4?
3
Suppose -m - 4*q = 11, -4*m + 3*q - 15 = -47. Suppose m*k + 6 - 91 = 0. What is the remainder when 64 is divided by k?
13
Let h(z) = -z**3 - 5*z. What is the remainder when 545 is divided by h(-3)?
41
Suppose 7*g - 9 = 173. Let x = 2 - -5. What is the remainder when g is divided by x?
5
Let w(t) = 54*t + 22. Calculate the remainder when w(4) is divided by 24.
22
Let u = -47 - -85. Let a = 41 - u. Calculate the remainder when 6 is divided by a.
0
Let k = 447 - -74. Suppose 178 = -7*h + k. Suppose 7 = 3*i - 44. Calculate the remainder when h is divided by i.
15
Let m(n) = -13*n + 2. Let j(g) = 1. Let t(d) = 4*j(d) - m(d). Calculate the remainder when t(4) is divided by 14.
12
Let c(f) be the second derivative of -f**3/6 - 2*f**2 - 4*f. Let o be c(-3). Let g = 7 + o. Calculate the remainder when 22 is divided by g.
4
Suppose 0 = -b + 147 - 140. What is the remainder when 75 is divided by b?
5
Calculate the remainder when 73 is divided by ((-48)/10)/(5 - (-254)/(-50)).
13
Suppose 7*l - 77 - 7 = 0. Calculate the remainder when 29 is divided by l.
5
Let l = 133 - -5. What is the remainder when l is divided by 24?
18
Let i = -288 + 313. Calculate the remainder when 272 is divided by i.
22
Let b(m) = -54*m + 1. Let s(v) = v**3 - 4*v**2 - v - 1. Suppose 2*y - 3 + 1 = -2*r, 2*y - r = 14. Calculate the remainder when b(-1) is divided by s(y).
17
Let z(h) = h**2 + 3*h - 2. Let s be z(-4). What is the remainder when (-4 - -5)/(s/32) is divided by 1/5 - 49/(-5)?
6
Let h(v) = -5 + 2*v - v - v + 2*v. Let n be h(4). Suppose -4*t + 0 = -4*q + 12, -4*t = -q + n. What is the remainder when q is divided by 2?
1
Suppose -4*c + 5*o = 1 + 16, 0 = -3*c - 3*o - 33. What is the remainder when (-498)/c - (-6)/8 is divided by 32?
31
Let l = -993 + 1020. Calculate the remainder when l is divided by 9.
0
Suppose 5*a = -3*p - 285, 5*p + 438 = -3*a + 7*a. What is the remainder when 8 is divided by (-25)/(-9) + (-20